tens digit of 2974594?
9
What is the hundred thousands digit of 4491420?
4
What is the thousands digit of 2084338?
4
What is the units digit of 26181297?
7
What is the tens digit of 2586630?
3
What is the hundred thousands digit of 579514?
5
What is the tens digit of 47267?
6
What is the tens digit of 1252808?
0
What is the hundred thousands digit of 8173529?
1
What is the units digit of 814889?
9
What is the millions digit of 10577088?
0
What is the units digit of 17589?
9
What is the hundreds digit of 334308?
3
What is the tens digit of 97928?
2
What is the ten thousands digit of 447590?
4
What is the hundred thousands digit of 347722?
3
What is the thousands digit of 54739?
4
What is the units digit of 1618713?
3
What is the hundreds digit of 540361?
3
What is the ten thousands digit of 526053?
2
What is the ten thousands digit of 16578878?
7
What is the thousands digit of 2211256?
1
What is the hundreds digit of 55238?
2
What is the units digit of 775594?
4
What is the ten millions digit of 24068993?
2
What is the thousands digit of 986184?
6
What is the thousands digit of 17985715?
5
What is the units digit of 5602377?
7
What is the hundreds digit of 6460789?
7
What is the ten thousands digit of 27643?
2
What is the ten thousands digit of 331598?
3
What is the hundreds digit of 811176?
1
What is the thousands digit of 2438949?
8
What is the ten thousands digit of 442666?
4
What is the units digit of 751928?
8
What is the hundred thousands digit of 17607449?
6
What is the thousands digit of 921288?
1
What is the ten millions digit of 11353759?
1
What is the hundred thousands digit of 3462701?
4
What is the ten thousands digit of 498857?
9
What is the ten thousands digit of 279630?
7
What is the tens digit of 228754?
5
What is the thousands digit of 1317107?
7
What is the hundreds digit of 547540?
5
What is the ten thousands digit of 73755?
7
What is the hundreds digit of 34727526?
5
What is the ten thousands digit of 1536582?
3
What is the tens digit of 220187?
8
What is the hundred thousands digit of 348714?
3
What is the millions digit of 2675292?
2
What is the ten thousands digit of 294609?
9
What is the ten thousands digit of 5274963?
7
What is the ten thousands digit of 230601?
3
What is the thousands digit of 4146939?
6
What is the units digit of 24394961?
1
What is the ten thousands digit of 184674?
8
What is the ten thousands digit of 306598?
0
What is the hundreds digit of 201610?
6
What is the hundreds digit of 8062760?
7
What is the units digit of 3311379?
9
What is the units digit of 15574?
4
What is the ten thousands digit of 476147?
7
What is the hundreds digit of 1751921?
9
What is the millions digit of 1009528?
1
What is the tens digit of 368508?
0
What is the tens digit of 103574?
7
What is the ten millions digit of 21397500?
2
What is the units digit of 57590?
0
What is the millions digit of 4895477?
4
What is the tens digit of 150283?
8
What is the hundred thousands digit of 362660?
3
What is the millions digit of 2840467?
2
What is the units digit of 341636?
6
What is the ten thousands digit of 783119?
8
What is the hundred thousands digit of 513568?
5
What is the units digit of 4149470?
0
What is the tens digit of 29301?
0
What is the tens digit of 9126868?
6
What is the hundreds digit of 528968?
9
What is the hundred thousands digit of 422148?
4
What is the hundreds digit of 709667?
6
What is the ten thousands digit of 3481265?
8
What is the hundreds digit of 702225?
2
What is the ten thousands digit of 583233?
8
What is the hundreds digit of 970707?
7
What is the ten thousands digit of 2982561?
8
What is the thousands digit of 1598342?
8
What is the hundreds digit of 2364304?
3
What is the hundreds digit of 16175485?
4
What is the hundred thousands digit of 1584263?
5
What is the ten thousands digit of 16614072?
1
What is the units digit of 198429?
9
What is the tens digit of 1779714?
1
What is the hundreds digit of 980888?
8
What is the millions digit of 17182354?
7
What is the thousands digit of 930235?
0
What is the hundred thousands digit of 118439?
1
What is the millions digit of 4419119?
4
What is the thousands digit of 249378?
9
What is the ten thousands digit of 4676025?
7
What is the hundreds digit of 64507?
5
What is the hundreds digit of 39028?
0
What is the units digit of 748536?
6
What is the units digit of 205191?
1
What is the tens digit of 11811687?
8
What is the hundred thousands digit of 422949?
4
What is the units digit of 86093?
3
What is the units digit of 5034868?
8
What is the thousands digit of 991334?
1
What is the hundreds digit of 294211?
2
What is the hundreds digit of 60427?
4
What is the tens digit of 5812014?
1
What is the tens digit of 159744?
4
What is the hundreds digit of 147886?
8
What is the tens digit of 594551?
5
What is the millions digit of 15495965?
5
What is the thousands digit of 3028710?
8
What is the millions digit of 12653049?
2
What is the units digit of 1299008?
8
What is the hundreds digit of 2004426?
4
What is the hundreds digit of 186378?
3
What is the tens digit of 98353?
5
What is the tens digit of 736711?
1
What is the hundred thousands digit of 7310282?
3
What is the hundred thousands digit of 216037?
2
What is the units digit of 1002925?
5
What is the thousands digit of 5761444?
1
What is the hundreds digit of 1513394?
3
What is the units digit of 323451?
1
What is the hundreds digit of 101071?
0
What is the thousands digit of 15114757?
4
What is the tens digit of 1612146?
4
What is the units digit of 229295?
5
What is the units digit of 171938?
8
What is the hundred thousands digit of 125275?
1
What is the ten thousands digit of 6427897?
2
What is the thousands digit of 841467?
1
What is the hundred thousands digit of 442875?
4
What is the ten thousands digit of 8152856?
5
What is the hundreds digit of 333872?
8
What is the millions digit of 8552594?
8
What is the units digit of 1455168?
8
What is the hundred thousands digit of 140912?
1
What is the thousands digit of 226629?
6
What is the tens digit of 785053?
5
What is the ten thousands digit of 244956?
4
What is the hundred thousands digit of 818067?
8
What is the hundred thousands digit of 351033?
3
What is the hundreds digit of 812907?
9
What is the tens digit of 50949?
4
What is the hundred thousands digit of 141417?
1
What is the ten thousands digit of 587081?
8
What is the units digit of 5770123?
3
What is the units digit of 53122?
2
What is the ten thousands digit of 18196497?
9
What is the hundred thousands digit of 382056?
3
What is the ten thousands digit of 3226830?
2
What is the hundreds digit of 2395883?
8
What is the thousands digit of 448085?
8
What is the tens digit of 149309?
0
What is the millions digit of 3941436?
3
What is the hundred thousands digit of 399983?
3
What is the units digit of 3256121?
1
What is the units digit of 13556883?
3
What is the units digit of 56001?
1
What is the units digit of 7744282?
2
What is the units digit of 1255975?
5
What is the thousands digit of 1007503?
7
What is the hundred thousands digit of 149462?
1
What is the thousands digit of 16733059?
3
What is the units digit of 11891486?
6
What is the hundred thousands digit of 781241?
7
What is the tens digit of 4667345?
4
What is the millions digit of 4051211?
4
What is the ten thousands digit of 499516?
9
What is the units digit of 233678?
8
What is the thousands digit of 1187336?
7
What is the tens digit of 954825?
2
What is the millions digit of 1623955?
1
What is the tens digit of 3601764?
6
What is the thousands digit of 448731?
8
What is the ten thousands digit of 841921?
4
What is the thousands digit of 18726178?
6
What is the millions digit of 12536445?
2
What is the tens digit of 542646?
4
What is the tens digit of 612664?
6
What is the ten thousands digit of 371065?
7
What is the hundred thousands digit of 605807?
6
What is the hundreds digit of 694984?
9
What is the millions digit of 2034156?
2
What is the thousands digit of 3225103?
5
What is the millions digit of 1874720?
1
What is the thousands digit of 7528002?
8
What is the ten millions digit of 14314834?
1
What is the hundred thousands digit of 1222213?
2
What is the tens digit of 261162?
6
What is the ten thousands digit of 69723?
6
Wh